v + 1212. Is l prime?
False
Let o = -3676 - -12279. Let x = 5660 + o. Is x composite?
True
Suppose 1682*t = -2*z + 1686*t + 927434, t = -7. Is z a composite number?
True
Let p be 610*1*((-125)/10 + -8). Let m = 27698 + p. Is m a composite number?
False
Suppose 411 = 3*b - 2532. Let i = b + 2384. Is i a composite number?
True
Let h = 5241 + -4870. Is h a composite number?
True
Let l be (162/(-21))/(24/(-315728)). Suppose -26*w + l = 6818. Is w prime?
False
Let d(l) = -212*l + 469051. Is d(0) a prime number?
False
Let o(r) = -r**3 - 28*r**2 - 24*r - 19. Let u be o(-27). Let v = u - -417. Is v prime?
True
Let u(w) = 125 + 140*w + 2*w - 144. Is u(5) composite?
False
Suppose -3*q + q = -14660. Let f = q - 1149. Is f composite?
True
Let f be 5 + -3 + 0/(-2). Is 4*(f - (-105)/4) a composite number?
False
Suppose 4*d - 752 = 4*v, 2*v + 3*d = -319 - 32. Let k = 1334 - v. Is k prime?
False
Let j(z) = 9*z**2 - 17*z - 193. Is j(-9) composite?
True
Suppose -11 = -13*o + 2*o. Is (-736736)/(-132) - ((-1)/(-3))/o a prime number?
True
Let o(i) = -2342*i - 9. Let t be o(5). Let a = 21130 + t. Is a a prime number?
False
Let v(s) = -8*s + 10. Let a be v(-12). Suppose -111*g = -a*g - 22355. Is g composite?
True
Suppose 5*r - 4 = 6. Let o = 157 + -157. Is o*(7/r - 4) - -445 a composite number?
True
Let d be (-2)/((-6)/2 + (-201)/(-69)). Suppose 1 = -2*b + 2*v + 19, -v - d = -3*b. Is 1 + b/(-4) + 12477/12 a prime number?
True
Let v(o) = 5*o + 223. Let r be v(-43). Let m = 711 + r. Is m prime?
True
Let h(x) = -3591*x + 20. Let m be h(-5). Suppose -3*r - m = -28*r. Is r prime?
True
Let a be (-2)/(24/(-82)) + 13/78. Let z(u) = -158*u - 17. Let m be z(a). Let f = m - -2778. Is f a prime number?
False
Let w be -6*1*(-10)/(-30). Let h be ((-100)/(-16) - 4)/(w/(-8)). Is 1541 - 3*(3 - 33/h) a prime number?
True
Let k(f) = -42*f**2 + 4*f + 2461. Is k(0) prime?
False
Suppose 0 = -a - 4, 2*h + 3 = -3*a + 1. Suppose b - 4 = h*p + 10, 5*p + 10 = 0. Let y(q) = 228*q - 5. Is y(b) prime?
True
Let k be 0 - -165 - 18/6. Let h(g) = -2*g**2 - 56*g**3 + 25*g**3 + g - k*g**3 + 4*g**2. Is h(-1) a prime number?
False
Suppose 0 = -103*w + 9225660 + 12746517 + 1853474. Is w prime?
True
Let u = 399 + -406. Is 6 + u - -3 - -296 composite?
True
Let r = -610 - -2252. Suppose -a = -5*k - 828, 3*k + r = 2*a - 0*a. Is 0 + (-4)/((-8)/a) a prime number?
True
Suppose 7*x = 11*x - 80. Let c(u) = 4*u**2 - 2*u + x*u + 7 + 5. Is c(-11) a composite number?
True
Suppose 2*g - 6 = r, -3*g = -5*g + 4. Is 7*(3055/5 - r) a composite number?
True
Let n(i) = 8882*i**2 + 137*i - 148. Is n(9) composite?
False
Let z(u) = 147*u**2 + 38*u + 23. Let a(w) = -221*w**2 - 57*w - 35. Let x(f) = 5*a(f) + 8*z(f). Is x(-4) prime?
True
Let z(t) = -3*t + 58. Let c be z(-22). Suppose 127*f - 9609 = c*f. Is f prime?
True
Suppose -937*x + 927*x + 46810 = 0. Is x a composite number?
True
Let d(r) = -95*r**3 + 6*r**2 - 17*r - 5. Is d(-6) prime?
False
Let m(g) = -20745*g - 293. Is m(-3) a composite number?
True
Suppose 4*m + 14698 = 2*b, 3*m + 2903 + 11795 = 2*b. Is b composite?
False
Let z = 1416 - 775. Suppose -357 = 3*l - 0*a - 5*a, 2*l = -a - 225. Let f = z + l. Is f prime?
False
Let t(x) = -3*x + 39. Let i be t(12). Suppose 2*q - 4*l - 1 - 21 = 0, -15 = -q + i*l. Suppose -o = v - 21 - 459, -484 = -v + q*o. Is v prime?
False
Let g(p) = 3541*p**3 + 2*p**2 + 6*p - 8. Let v be (-5)/25 + 6/5. Is g(v) a prime number?
True
Suppose -y = 5*s - 309749, 41*s = -5*y + 43*s + 1548907. Is y a composite number?
False
Let y(c) = c**3 - c**2 + 4*c - 5. Let d be y(2). Suppose -9423 + 1947 = -d*l. Suppose -r - l = -13*r. Is r a prime number?
True
Let s be -5 + 1 - (13 + -11). Let w(b) = 24*b**2 + 3*b - 5. Is w(s) a composite number?
True
Suppose -25*p - 14 = -32*p. Is (-1 + p)*(-5 - -1716) a prime number?
False
Suppose 5*r = r - 11580. Suppose -7*u = -0*u - 41867 + 6391. Let x = u + r. Is x a prime number?
False
Let x be 6*(5 + 42395/15 - 6). Let j = x + -8343. Is j composite?
False
Suppose -6 = -2*j - 2, j = 3*x - 25. Let l(v) be the third derivative of -v**6/120 + 3*v**5/10 + v**4/4 - 5*v**3 + 2*v**2. Is l(x) composite?
True
Let h(k) = 314809*k**2 - 102*k + 100. Is h(1) prime?
True
Let y be (1/(9/1194))/((-24)/(-72)). Let s = y - 295. Is s a prime number?
True
Suppose -5*w - 17 = 4*z, -14 = 4*w + 6. Suppose -3*v - 202 = z*p - 5543, -5*v = -5*p + 13340. Is p composite?
True
Suppose a - 36 = 13*a. Is (6/(-6))/(a/29703) prime?
True
Suppose -1506318 = -256*c + 487666. Is c a prime number?
True
Let p(r) = -4*r**3 - 19*r**2 - 10*r - 20. Let k be p(-13). Suppose 2*m = 4*u - 47456, -5*m - 6186 - k = -u. Is u a composite number?
False
Let f(c) be the second derivative of -238*c**3/3 + 43*c**2/2 + 126*c. Is f(-12) composite?
True
Let c = -109036 + 161963. Is c a prime number?
False
Let p(s) = -s**2 + 1060. Let m be p(0). Let y be 182/39*6/4. Suppose y = z - m. Is z composite?
True
Let q(h) = 2*h**2 - h + 185290. Let y be q(0). Suppose -40*r + 26*r = -y. Is r composite?
True
Is ((-91790)/60 - 7)/((-6)/36) a composite number?
False
Let b = -2328 + 4611. Let j be (-3 - -2)*3 - 1361. Let q = j + b. Is q prime?
True
Suppose -4*f - 9 = -17, 2*b - 189982 = 2*f. Is b a prime number?
True
Suppose 29 = k + 27. Suppose k*b = 5*b - 3*x - 14601, x = -3*b + 14617. Is b prime?
True
Let o(h) = 2572*h - 293. Let y be o(12). Suppose -5*l = 3*s - 120083, 5*s - y = -3*l + 41466. Is l a prime number?
True
Suppose -12*a + 1715 = -19*a. Let r = 432 + a. Is r a composite number?
True
Let y(l) = -3290*l**3 + 20*l**2 + 65*l - 16. Is y(-5) a prime number?
True
Suppose -58*w + 26 = -45*w. Suppose w*m - 1592 = 1290. Is m prime?
False
Let s(d) = 3*d**3 - d**2 - 27*d + 45. Let p(c) = 5*c**3 - c**2 - 40*c + 67. Let m(i) = -5*p(i) + 8*s(i). Is m(-12) prime?
False
Let v(x) = 13*x**3 - 7*x**2 - 4*x - 16. Let n be v(-9). Let f = 17307 + n. Is f prime?
True
Let n(a) = a**2 - 31*a - 151. Let m be n(44). Suppose 0 = -423*r + m*r + 4118. Is r prime?
False
Is (1 - 127816/(-12))*(-24 - -27) composite?
False
Suppose -100*o + 16*o + 1181800 = 114496. Is o a composite number?
True
Let f(o) = 39*o**2 + 59*o - 177. Is f(-48) composite?
True
Suppose -2*y - 10 = 0, -4*y - 25 = -5*w - 0. Let p be (7 + 13/(-2))*(w - -5). Suppose p*g + q = 2159, -3*g + 3*q = -g - 1432. Is g prime?
True
Let b = 293 + -289. Suppose -5*p + 75240 = b*u - 192171, -2*u = 2*p - 106966. Is p a prime number?
True
Suppose -9*f + 42173 + 21106 = 0. Is f prime?
False
Suppose -15 = 2*n - 5*n. Let w = 1836 + -1833. Suppose z + 19496 = n*b, -8*b + 7795 = -6*b + w*z. Is b prime?
False
Suppose -201*d + 198*d = 5*q - 35866, 5*d - 2*q = 59787. Is d composite?
True
Let n(w) = 9*w**2 - 136*w - 837. Is n(-62) composite?
True
Let j be (30/180 - (-13)/(-6))*-1. Suppose 2093 = 5*t + 2*r, r - j*r - 1 = 0. Is t a prime number?
True
Let k(f) = 31*f**2 - 8*f - 2 + 34*f**2 - 2 - 1 - 3. Is k(-5) prime?
True
Suppose -3*q + 39556 = j, 34400 + 163332 = 5*j - q. Is j prime?
False
Suppose -3*t = s - 236428, 0 = -5*t - 14 + 29. Is s composite?
True
Let v be (4 + 2)*110/60. Suppose v*q - 6836 = 7*q. Is q composite?
False
Let f be 48/36 - 2/(-3). Suppose 6 = 3*l, f*l + 10 = d - 113. Is d a composite number?
False
Let u = -12098 - -18829. Is u a prime number?
False
Suppose -7 + 0 = 4*f + 5*y, -y = 4*f + 11. Let q be (-8)/(-6)*f/2. Is -2*(2 + 81/q) a composite number?
True
Let x be (-1988)/(-6)*120/(-16). Let l = x + 12784. Is l prime?
False
Is (3*85/51 - 4)/((-1)/(-50021)) a prime number?
True
Is (-1)/10 - ((-596661)/10 + -11) composite?
True
Suppose 0 = 2*v + 14*g - 11*g - 236900, 0 = 5*v + g - 592237. Is v composite?
True
Let z be (-32)/(-80) + ((-12513)/(-5) - -2). Let f(s) = s**2 - s. Let d be f(4). Is z/d - 6/(-24) composite?
True
Suppose -30*p + 27562726 + 33493358 = 20751054. Is p prime?
True
Is 4/16*-794*(-4058 - 0) - -1 composite?
True
Let h(l) = 45*l**2 + 37*l + 17. Let u be h(13). Suppose -6*w = -12525 - u. Let i = w - 1981. Is i a prime number?
False
Is (704388/36)/(3/9) prime?
True
Let v = -5829 + 2030. Suppose y - 2*y = -8220. Let f = v + y. Is f prime?
True
Let d(a) = 7*a**2 + 19*a + 66. Let w be d(-12). Let c = w + -163. Is c a composite number?
False
Let f be (-12)/(16/4) - -1985. Suppose 1365 + f = 3*h - 4*t, t + 1116 = h. Is h a composite 